ctors of q?
37
Let n be (-4)/14 + 2358/21. Let x = -46 + n. List the prime factors of x.
2, 3, 11
Let r(x) = -35*x - 32. What are the prime factors of r(-8)?
2, 31
Suppose 5*f - 10 = 5. List the prime factors of 60 - (f + (-5 - -2)).
2, 3, 5
Suppose -3*l = 5*y - 867, -9*l - 3*y + 293 = -8*l. What are the prime factors of l?
2, 71
Let c = 3112 + 380. List the prime factors of c.
2, 3, 97
Suppose 3*n - n = 4*r - 32, -2*n = -2*r + 12. Suppose j + 1395 = r*j. What are the prime factors of j?
5, 31
Let z be (-38)/(-8) - (-3)/12. Suppose 30 = z*i - 110. What are the prime factors of i?
2, 7
Let g(x) = 6*x + 4. Let p(w) = -w - 1. Let l(z) = g(z) + 5*p(z). Let j be l(-3). Let o(t) = 2*t**2 - 4. What are the prime factors of o(j)?
2, 7
Let v(n) = 4*n**3 - 5*n + 3. Let j(c) = -3*c**3 - c**2 + 5*c - 2. Let i be (-2)/8 + 85/20. Let g(y) = i*v(y) + 5*j(y). What are the prime factors of g(4)?
2, 3
Let x(c) = -23 + 5*c - 7*c**2 - 9*c**2 + 17*c**2. List the prime factors of x(7).
61
Let l = -5 + 8. Suppose -5*d - 38 = -l*n, 4*d + 52 = -3*n - 0*n. Let b = d - -23. List the prime factors of b.
13
Let q(j) = -j**3 + 17*j**2 + 19*j + 13. Let y(k) = 31*k + 4. Let f be y(-2). Let w = -40 - f. What are the prime factors of q(w)?
31
Let j = -22 - -41. Suppose -3*i - 4*g + 3 + j = 0, i = -4*g - 6. What are the prime factors of i?
2, 7
Let y = -526 + 1311. List the prime factors of y.
5, 157
Suppose b + 36 = -5*k, 4*k + 3*b - 2*b = -28. Let t = 19 - k. List the prime factors of t.
3
Let d(y) = -235*y**3 + 5*y - 6. Let t be d(2). List the prime factors of t/(-24) - 1/6.
2, 3, 13
Let c = 927 - -734. What are the prime factors of c?
11, 151
Let c = 9 - -411. List the prime factors of c.
2, 3, 5, 7
Suppose 0 = -3*r + 3, 7 = o - 4*r + 78. Let w = -44 - o. List the prime factors of w.
23
Let y be (-3 + -1)/12*-42. Suppose 7*o + 3*s - 2 = 3*o, -2*s = -5*o + y. Suppose u - 5*l = -o + 21, 0 = 4*u - 3*l - 76. List the prime factors of u.
19
Let p(g) = -g**3 + 21*g**2 + 27*g - 46. What are the prime factors of p(10)?
2, 331
Let s(w) = -8*w - 46. Let f be s(-7). Suppose 5*t + 460 = f*t. List the prime factors of t.
2, 23
Let p = 1347 - 1109. List the prime factors of p.
2, 7, 17
Suppose 0 = 2*c - 2*g - 12, 10*g - 5*g + 14 = c. Suppose 2*n + c*q = -3*n + 202, 0 = -n + q + 35. List the prime factors of n.
2, 19
Let y(x) = 2*x**2 - 22*x + 24. Let u be y(10). What are the prime factors of 4 - (u - 4 - 169)?
173
Suppose -17543 = 22*v - 127851. List the prime factors of v.
2, 23, 109
Let o(p) = 3 + 4 - 10 + 7 - 2*p. Suppose 3*h + 5 + 4 = 0. List the prime factors of o(h).
2, 5
Let a = -8 + 29. Suppose 5*v = 5*r - 225, -156 - a = -4*r + 3*v. What are the prime factors of (-6)/3 + 0 + r?
2, 5
Let z(d) = 4*d**2 + 34*d - 20. What are the prime factors of z(12)?
2, 241
Suppose -16*c + 8460 + 3780 = 0. List the prime factors of c.
3, 5, 17
Let w = -24 - -42. Let z = -9 + w. What are the prime factors of z?
3
Let i(w) = 8*w - 4. Let o be i(3). Suppose 0 = -f - 3*m - o, -20 = f - 4*m - 7. Let s = -12 - f. List the prime factors of s.
5
Let f = 4095 - 2268. What are the prime factors of f?
3, 7, 29
Suppose 152648 = 77*m - 224421. What are the prime factors of m?
59, 83
What are the prime factors of 2044/((-6)/(-12) - 11/(-66))?
2, 3, 7, 73
Suppose -54 = -h - h. Let u = 30 - h. List the prime factors of (32 - 1)*1 + u.
2, 17
Let h be 6*((-18)/(-4) - 4). Suppose 4*o = h*u - 560, -2*u - 2*o = o - 362. Suppose -4*p - v + u = -6*v, -5*v = 0. List the prime factors of p.
2, 23
Suppose n - 5 = -c, n + c - 5 = -2*n. Suppose -5*z = -n*z + 25. Let j(x) = -x + 3. What are the prime factors of j(z)?
2
Suppose 0 = 5*k - 5*o - 15, 7 = 2*o + 3. Let a(f) = f**3 - 4*f**2 - 4*f + 4. Let h be a(k). What are the prime factors of (12 - 11)/(1/h)?
3
Let r = -31 - -32. Let g(i) = -71*i**2 - r + 2*i**3 + 35*i**2 + 2*i + 37*i**2. What are the prime factors of g(2)?
23
Suppose 3*p + 104 = 2*f, 5*p + 0 - 20 = 0. Let m = f + 4. Suppose -6 - m = -2*a. What are the prime factors of a?
2, 17
Let m be 9*((-14)/(-6) - 2). Let i be 2/(3 - 14/6). Let q = i + m. What are the prime factors of q?
2, 3
Let x(n) = n**2 + 14*n + 15. Let s = 9 + -22. Let u be x(s). Suppose -u*k + 19 = -37. List the prime factors of k.
2, 7
Let a(w) = 89*w**2 + w - 1. Let v be a(1). Let s = 155 - v. What are the prime factors of s?
2, 3, 11
Let i be (-4)/1 - (-24)/3. Suppose 6*m - 4*m = 448. Suppose i*n + 36 = m. List the prime factors of n.
47
Suppose -45*f - 11*f = -79464. What are the prime factors of f?
3, 11, 43
Let c(p) = 109*p**2 + p + 1. List the prime factors of c(5).
2731
Let l(s) = 2*s**2 - 11*s + 14. Let w be l(7). Suppose -4*c - 2*m = -36 - 54, -2*c + w = 3*m. List the prime factors of c.
5
Suppose 0 = -m + 6*m + 8200. What are the prime factors of m/(-68) + 2/(-17)?
2, 3
Let k(d) = -3*d**2 + 98*d + 79. List the prime factors of k(23).
2, 373
Suppose -699 - 365 = -8*r. List the prime factors of r.
7, 19
Suppose 3392 = 13*o - 6501. List the prime factors of o.
761
Suppose 0 = 2*z - 4, b + 2*z - 850 = -2*b. What are the prime factors of b?
2, 3, 47
Let k(l) = 3*l**2 + 4*l + 268. What are the prime factors of k(-19)?
3, 5, 17
Let q(k) = -k**2 - 9*k - 14. Let m be q(-4). Suppose m*x + 4*x = 860. What are the prime factors of x?
2, 43
Suppose -3 = -3*k + 6. Suppose -3*m - k*i = -432, 3*m - i - 269 = 171. List the prime factors of m.
2, 73
Suppose -3*u + b = -38, u - 19 = -3*u - 5*b. Suppose 10*n + 20 = u*n. List the prime factors of n.
2, 5
Let u(t) = t**2 - 7*t + 7. Let i = 11 + -3. Let s be u(i). Let r(g) = g**2 - 13*g + 19. What are the prime factors of r(s)?
7
Let k be (1/(-2))/(3/(-396)). Let d = 107 - k. List the prime factors of d.
41
Let v be (9 - 2)/(7/14). Let n = v + -8. Let s = 10 - n. List the prime factors of s.
2
Let u(i) = -4*i**2 + 5*i + 0 + i + 0*i + 1. Let q be u(3). Let l = q - -31. What are the prime factors of l?
2, 7
Suppose 4927 = n + 3*g, -13*g + 18*g - 9859 = -2*n. List the prime factors of n.
2, 7, 353
Let z(n) = 7*n**2 + n - 191. What are the prime factors of z(-18)?
29, 71
Suppose -3*o + 0*o = -48. Suppose 0 = -21*n + o*n + 20. Suppose -n*j + j + 183 = 0. What are the prime factors of j?
61
Let y(c) = -2*c + 14. Let i be y(7). Suppose i = a - 1 - 0. Let k = a - -31. List the prime factors of k.
2
Suppose a = 1, -5*a = s - 6037 + 1102. List the prime factors of s.
2, 5, 17, 29
Let r be (-2)/6 + 1 - 86/129. Suppose 3*h + r*h - 390 = 0. List the prime factors of h.
2, 5, 13
List the prime factors of ((-29)/(-3))/(44/4092).
29, 31
Let f = -7 - -11. Suppose -2*j + u = -0*u - 158, -f*j + u = -318. List the prime factors of j.
2, 5
Let r(y) = -7*y - 8. Let a be 3 - 3 - 1 - -4. Suppose -2*m = a + 7. What are the prime factors of r(m)?
3
Let p = -141 + 508. List the prime factors of p.
367
Suppose y + 2*d - 58 = 0, 365 = 2*y + 3*y - 5*d. List the prime factors of (y + 1)/(2 + -1).
3, 23
What are the prime factors of 630/252*(-7608)/(-10)?
2, 3, 317
Suppose 192*g = 176*g + 2976. List the prime factors of g.
2, 3, 31
Let s = 3133 + -1298. List the prime factors of s.
5, 367
Let c(s) = -51*s**3 - s**2 + 7*s + 10. List the prime factors of c(-2).
2, 5
Suppose -2*j - 2*d = j, -5*j + 3*d = -19. Suppose p + j*p + 36 = 0. Let m = p + 23. List the prime factors of m.
11
Suppose -2*x + 5 = 4*w - 13, 18 = 2*w + 4*x. Suppose -w*k - 3*v + 381 = 0, -2*v = -4*k - 3*v + 517. What are the prime factors of k?
2, 5, 13
Let g(y) = y - 6. Let w(s) = -s + 1. Let o(t) = t + 3. Let p(u) = -o(u) - 2*w(u). Let r(a) = 4*g(a) - 5*p(a). List the prime factors of r(-8).
3
Let p(r) = 11*r + 14. Let d(t) = 5*t + 7. Let q(j) = -9*d(j) + 4*p(j). Let i be q(-3). List the prime factors of i + 1 + 12 - -3.
2, 3
Suppose 67*i = 68*i - 1117. What are the prime factors of i?
1117
Let d(n) = -43*n + 31. What are the prime factors of d(-10)?
461
Let s = 11 - -1. Let r(j) = j - 10. Let p be r(s). Suppose -p*l = l - 12. What are the prime factors of l?
2
Suppose g - 7*i = -2*i + 91, -5*g + 3*i = -389. Let m = g - -30. Suppose -5*r = -3*n - 0*n - m, -2*r + 46 = -3*n. What are the prime factors of r?
2, 5
Let h be ((-6)/(-9))/(3/162). Let l = -25 + h. List the prime factors of (-165)/l*4/(-5).
2, 3
Suppose -2*k = -k - 49. Let c be (-310)/13 - 2/13. Let t = k + c. What